 units digit of 346191?
1
What is the hundreds digit of 10147891?
8
What is the ten thousands digit of 3753494?
5
What is the hundred thousands digit of 4743937?
7
What is the thousands digit of 16200196?
0
What is the tens digit of 77175?
7
What is the hundred thousands digit of 5141700?
1
What is the hundreds digit of 5197546?
5
What is the tens digit of 449714?
1
What is the thousands digit of 717762?
7
What is the hundreds digit of 3245141?
1
What is the tens digit of 31009?
0
What is the tens digit of 7842223?
2
What is the thousands digit of 66204?
6
What is the units digit of 42893?
3
What is the units digit of 191016?
6
What is the hundred thousands digit of 5180954?
1
What is the hundred thousands digit of 1106407?
1
What is the hundreds digit of 241099?
0
What is the hundreds digit of 629529?
5
What is the ten thousands digit of 221874?
2
What is the millions digit of 2357461?
2
What is the hundred thousands digit of 861689?
8
What is the hundreds digit of 133632?
6
What is the tens digit of 4197192?
9
What is the tens digit of 455902?
0
What is the hundred thousands digit of 6185589?
1
What is the hundreds digit of 719185?
1
What is the tens digit of 16388173?
7
What is the units digit of 31263630?
0
What is the millions digit of 2196400?
2
What is the millions digit of 25562136?
5
What is the ten thousands digit of 120178?
2
What is the units digit of 385819?
9
What is the hundreds digit of 456368?
3
What is the tens digit of 220155?
5
What is the millions digit of 10074272?
0
What is the thousands digit of 3394272?
4
What is the thousands digit of 1197921?
7
What is the thousands digit of 222817?
2
What is the units digit of 1497334?
4
What is the ten thousands digit of 2226182?
2
What is the units digit of 374614?
4
What is the units digit of 15354035?
5
What is the hundreds digit of 4199752?
7
What is the millions digit of 1468934?
1
What is the tens digit of 1084453?
5
What is the ten millions digit of 31196849?
3
What is the units digit of 1753853?
3
What is the millions digit of 3622838?
3
What is the ten thousands digit of 251824?
5
What is the ten millions digit of 22297765?
2
What is the hundreds digit of 2349759?
7
What is the units digit of 874363?
3
What is the hundreds digit of 198665?
6
What is the ten thousands digit of 12099520?
9
What is the thousands digit of 791367?
1
What is the units digit of 3762434?
4
What is the thousands digit of 188171?
8
What is the hundreds digit of 7098651?
6
What is the hundred thousands digit of 3784041?
7
What is the hundreds digit of 41627?
6
What is the ten thousands digit of 617417?
1
What is the thousands digit of 23019?
3
What is the thousands digit of 52353?
2
What is the hundred thousands digit of 831355?
8
What is the thousands digit of 5486404?
6
What is the hundred thousands digit of 138201?
1
What is the tens digit of 743395?
9
What is the millions digit of 13805712?
3
What is the thousands digit of 435169?
5
What is the ten millions digit of 11533690?
1
What is the units digit of 17346?
6
What is the thousands digit of 798047?
8
What is the tens digit of 1397484?
8
What is the hundred thousands digit of 315548?
3
What is the tens digit of 787287?
8
What is the millions digit of 3298754?
3
What is the hundreds digit of 113047?
0
What is the tens digit of 1250134?
3
What is the ten thousands digit of 23849159?
4
What is the tens digit of 4291213?
1
What is the hundred thousands digit of 4995667?
9
What is the tens digit of 259474?
7
What is the hundreds digit of 77220?
2
What is the hundred thousands digit of 10074526?
0
What is the millions digit of 15405638?
5
What is the ten thousands digit of 1759425?
5
What is the thousands digit of 606934?
6
What is the hundred thousands digit of 914442?
9
What is the ten thousands digit of 201205?
0
What is the units digit of 8193769?
9
What is the millions digit of 22559445?
2
What is the hundreds digit of 735689?
6
What is the tens digit of 598075?
7
What is the thousands digit of 784810?
4
What is the hundreds digit of 249116?
1
What is the hundred thousands digit of 256727?
2
What is the tens digit of 1616?
1
What is the hundred thousands digit of 17590370?
5
What is the units digit of 1241985?
5
What is the hundred thousands digit of 263395?
2
What is the thousands digit of 563370?
3
What is the hundreds digit of 1204832?
8
What is the units digit of 6386134?
4
What is the millions digit of 10259524?
0
What is the hundreds digit of 76765?
7
What is the millions digit of 1479142?
1
What is the thousands digit of 1693550?
3
What is the ten thousands digit of 163753?
6
What is the units digit of 831774?
4
What is the units digit of 20856287?
7
What is the hundreds digit of 35931932?
9
What is the units digit of 846986?
6
What is the units digit of 5659336?
6
What is the tens digit of 157009?
0
What is the thousands digit of 30654679?
4
What is the hundred thousands digit of 2676155?
6
What is the tens digit of 25774?
7
What is the hundred thousands digit of 137856?
1
What is the thousands digit of 858543?
8
What is the tens digit of 1151474?
7
What is the thousands digit of 10854251?
4
What is the tens digit of 190135?
3
What is the units digit of 5385137?
7
What is the units digit of 364974?
4
What is the tens digit of 1101941?
4
What is the thousands digit of 2240071?
0
What is the hundred thousands digit of 340858?
3
What is the hundred thousands digit of 353325?
3
What is the hundred thousands digit of 4250624?
2
What is the tens digit of 493437?
3
What is the hundreds digit of 2905944?
9
What is the units digit of 3857190?
0
What is the units digit of 5857640?
0
What is the ten thousands digit of 5303572?
0
What is the hundreds digit of 6336235?
2
What is the thousands digit of 850585?
0
What is the hundreds digit of 4391032?
0
What is the hundreds digit of 27037?
0
What is the ten thousands digit of 17012338?
1
What is the units digit of 122700?
0
What is the thousands digit of 2740591?
0
What is the ten thousands digit of 622352?
2
What is the hundred thousands digit of 853563?
8
What is the tens digit of 183433?
3
What is the ten thousands digit of 3510912?
1
What is the tens digit of 593090?
9
What is the hundred thousands digit of 321091?
3
What is the hundred thousands digit of 228719?
2
What is the millions digit of 5716793?
5
What is the units digit of 195017?
7
What is the ten thousands digit of 1866916?
6
What is the units digit of 1256025?
5
What is the units digit of 89065?
5
What is the thousands digit of 9563227?
3
What is the hundreds digit of 67154?
1
What is the millions digit of 2343101?
2
What is the ten thousands digit of 5874439?
7
What is the ten thousands digit of 7892514?
9
What is the millions digit of 5818137?
5
What is the tens digit of 121245?
4
What is the hundreds digit of 406542?
5
What is the ten thousands digit of 798408?
9
What is the ten millions digit of 11609747?
1
What is the thousands digit of 5550104?
0
What is the tens digit of 8289860?
6
What is the tens digit of 258536?
3
What is the units digit of 435895?
5
What is the units digit of 1577914?
4
What is the units digit of 1138917?
7
What is the millions digit of 3780380?
3
What is the millions digit of 1385218?
1
What is the tens digit of 19650638?
3
What is the hundred thousands digit of 596310?
5
What is the ten thousands digit of 349361?
4
What is the hundred thousands digit of 237764?
2
What is the hundreds digit of 8949484?
4
What is the hundreds digit of 19301429?
4
What is the thousands digit of 232439?
2
What is the tens digit of 380827?
2
What is the tens digit of 7315858?
5
What is the thousands digit of 606946?
6
What is the thousands digit of 310188?
0
What is the hundreds digit of 12020454?
4
What is the tens digit of 864543?
4
What is the thousands digit of 5840813?
0
What is the hundred thousands digit of 4665859?
6
What is the units digit of 241561?
1
What is the units digit of 4192058?
8
What is the thousands digit of 93642?
3
What is the hundreds digit of 3440921?
9
What is the ten thousands digit of 38266?
3
What is the thousands digit of 398387?
8
What is the ten thousands digit of 337810?
3
What is the thousands digit of 29713?
9
What is the ten thousands digit of 22194130?
9
What is the tens digit of 719483?